. Let w = -2 + 3. Calculate the remainder when p(7) is divided by w.
0
Calculate the remainder when 135 + (2/(-3))/(12/36) is divided by 40.
13
Let z = 17 - 7. Let l = 57 - 12. Let p = l + -26. Calculate the remainder when p is divided by z.
9
Suppose 0 = 5*g + 3*i - 1029, -3*i - 1160 = -4*g - 326. Calculate the remainder when g is divided by 30.
27
Let k = 512 - 481. What is the remainder when 649 is divided by k?
29
Suppose -14*k + 16*k - 432 = -4*g, -4*g - k = -432. What is the remainder when g is divided by 55?
53
Let m(f) = -f + 4 + 5 - 1 - 12. Let g be m(-6). Suppose g*t - 51 = -t. Calculate the remainder when 84 is divided by t.
16
Let o be (8/6)/((-2)/(-3)). Let q = 10 - 1. Suppose 83 = o*b - q. Calculate the remainder when b is divided by 16.
14
Let f = -75 + 74. What is the remainder when 38 is divided by 1062/81 - f/(-9)?
12
Let n = -20 - -25. Suppose 0 = n*s + s - 480. What is the remainder when s is divided by 17?
12
Suppose -23*r + 389 + 761 = 0. Calculate the remainder when 147 is divided by r.
47
Let n be (-237)/(-27) - -5 - (-2)/9. Suppose 7*c = n*c - 1218. Calculate the remainder when c is divided by 44.
42
Let f be (4/(-16)*6)/((-2)/4). Suppose -2*a - 117 = -3*a + f*p, p - 442 = -4*a. Calculate the remainder when a is divided by 16.
15
Suppose 0 = 3*k - 77 + 11. Let t(j) = -2*j**3 - 7*j**2 + 11*j - 8. Calculate the remainder when k is divided by t(-5).
10
Let q(o) = o**3 - 8*o**2 - 24*o + 92. What is the remainder when 722 is divided by q(10)?
46
Let l = 46 - 43. Suppose h - l = -4, -2*n + 58 = -4*h. Calculate the remainder when n is divided by 5.
2
Let o = 661 + -580. Suppose -50 = 5*l + 55. What is the remainder when l*(3 - o/21) is divided by 10?
8
Suppose -2*q + 436 = 2*q. What is the remainder when q is divided by 6/(-3 - (-135)/42)?
25
Suppose 0 = 22*s + 20*s - 4410. What is the remainder when s is divided by 59?
46
Let w = -13 - -12. Let b be (3*w)/(10/(-130)). Suppose b = -v + 4*v. Calculate the remainder when 25 is divided by v.
12
Calculate the remainder when -124*(-2 + 1/10*5) is divided by 65.
56
Suppose 0 = -11*s + 7*s + 104. Suppose -1055 + s = -7*j. What is the remainder when j is divided by 25?
22
Suppose 2*t - 4*t + 10 = 0. Calculate the remainder when 2/(((-8)/(-14))/4) is divided by t.
4
Let c be (-108)/45 - ((-14)/10 + 1). Let f(u) = -u**3 - u**2 - 4*u - 4. Calculate the remainder when 23 is divided by f(c).
7
Suppose -2*i = 4*t + i - 2, -5*t - 4*i + 2 = 0. Suppose -3*p + u = -84, p - t*u = -3*p + 112. Calculate the remainder when 223 is divided by p.
27
Suppose -7*l + 3*l = -332. Suppose 339 = -0*a + 4*a - 3*j, -a + l = j. Calculate the remainder when a is divided by 22.
18
Let c = -13 - -26. Let n be 43/(42/20 + -2). Calculate the remainder when (-8)/(-48) - n/(-12) is divided by c.
10
Suppose 4*c = -20, 0 = 3*k - 7*c + 5*c - 544. Calculate the remainder when k is divided by 50.
28
Suppose -2 + 38 = h. Suppose -h = 6*j - 10*j. Let x = 20 - j. What is the remainder when 43 is divided by x?
10
Suppose 4*x - 17 = 3*d, 5*x + 7*d = 4*d + 1. Let m = x + 21. What is the remainder when 45 is divided by m?
22
Suppose 5*u = s - 24, 5*u = -4*s + 129 + 17. Suppose 5*g - 117 = -k, s = 2*g - 4*k - 4. Calculate the remainder when 89 is divided by g.
20
Suppose -7*n - 7*n + 1400 = 0. What is the remainder when n is divided by 61?
39
Let k = 0 - -5. Suppose 0 = -3*r - 3*i + 6, -i = k*r + i - 22. Let w(t) = t**3 - 7*t**2 + 6*t + 2. What is the remainder when 5 is divided by w(r)?
1
Suppose -44*l + 918 = 58*l. What is the remainder when l is divided by 2?
1
Let r be 4/4 - 3 - 5. Let z(g) = -29*g - 13. Calculate the remainder when z(r) is divided by 48.
46
Let q = -21 + 33. Suppose -r - q = -103. Calculate the remainder when r is divided by 32.
27
Let h(l) = -l**3 + 5*l**2 + 7*l - 6. Let p be h(6). Suppose p*q + 3*q = 126. What is the remainder when q is divided by (1152/80 + -12)*(-20)/(-3)?
10
Let h be (6/(-7))/(-3) - (-12)/7. Suppose 200 = h*f + 4*y + 6, 0 = 2*f - 2*y - 170. Calculate the remainder when f is divided by 13.
11
Suppose -12*v + 24*v - 144 = 0. What is the remainder when 91 is divided by v?
7
Suppose 0 = 4*a + 5*n - 380, 0 = 13*a - 15*a - 5*n + 180. What is the remainder when a is divided by 36?
28
Let y = -18 + 20. Suppose y*p - 5 = -9. What is the remainder when p + 18 + -4 + 1 is divided by 5?
3
What is the remainder when 6/(-5)*(-54 - 1) is divided by 27?
12
Let l = 2 - 0. Let r = -6 + 10. Suppose -4*q - 4*a - r = 0, 4*a - 13 = 2*q - 35. What is the remainder when q is divided by l?
1
Let f(o) = 12*o + 250. Calculate the remainder when 144 is divided by f(-19).
12
Let c = 277 - 202. What is the remainder when c is divided by 39?
36
Suppose -77 + 23 = -6*h. What is the remainder when 33 is divided by 1*6/h*3 + 17?
14
Let r = 5 - -4. Suppose -3*l = -o - 79, 5*o + 4 = o. Calculate the remainder when r/(-6) - (-153)/2 is divided by l.
23
Calculate the remainder when 5*(-9)/180*-308 is divided by 27.
23
Let c(k) = 11*k**2 + 5*k + 4. Suppose 0 = 3*w + g + 2, -3*w - g = 4*g - 14. What is the remainder when 150 is divided by c(w)?
36
Let x = 14 + -26. Let b(p) = p**2 + 10*p + 4. What is the remainder when 137 is divided by b(x)?
25
What is the remainder when 102 is divided by 1599/(-123)*-1*1?
11
Let a(k) = 6*k - 10. Let w = 63 + -56. What is the remainder when a(w) is divided by 18?
14
Let k(l) = l**2 + 2*l + 41. Let u(i) be the first derivative of i**2 + 20*i - 3. Let t be u(-10). Calculate the remainder when k(t) is divided by 15.
11
Let m(u) = 6*u**2 + 31*u - 26. Suppose 2*v = 5*c - 49, -v + 47 - 4 = 5*c. Calculate the remainder when c is divided by m(-6).
1
Suppose 30*a - 363 = -3. What is the remainder when 827 is divided by a?
11
Let k be (2 - 2)/(-3 - -5). Let l = -17 + 38. Let p = k + l. What is the remainder when p is divided by 12?
9
What is the remainder when (-1 - -4) + 59 + 163 is divided by 31?
8
Suppose d - 495 = -2*d. Suppose 5*w - 220 = d. Suppose 4*b - 1 = -h + 64, 5*b = 3*h + w. What is the remainder when b is divided by 9?
7
Let x = -13 - -18. Suppose -x*v + 120 = -0*n + n, 3*v = -2*n + 72. Suppose 3*m = 5*m - v. What is the remainder when 22 is divided by m?
10
Suppose -4*j + 4*t + 180 = 0, 6*j - j - 225 = t. What is the remainder when -8*(-4)/2 + j/15 is divided by 5?
4
Suppose 2*k - 3*i - 104 = 0, -6*i = -5*k - 5*i + 247. What is the remainder when 241 is divided by k?
45
Let c = 21690 - 21587. Suppose -f - 6 = g - 25, g - 29 = 4*f. What is the remainder when c is divided by g?
19
Let p(h) = -h + 11. Suppose 0 = 46*j - 41*j + 25. Calculate the remainder when p(j) is divided by 2.
0
Suppose -2*d + 44 = 2*l, -3*d = -7*d + 5*l + 97. Let f be -1*(-1 + (0 - -1)). Suppose -6*n + 3*n + 18 = f. Calculate the remainder when d is divided by n.
5
Suppose 4*j + 2*v = 86 + 6, 5*j = -5*v + 105. Let a be (7 - 21/6)*52/14. Let z = a + j. Calculate the remainder when z is divided by 20.
18
Let x(u) = -38*u**3 + u**2 - u - 1. Let v be x(-1). Let b = v - 8. What is the remainder when 121 is divided by b?
28
Let q = 146 + -9. What is the remainder when q is divided by 10?
7
Suppose -102 = -3*u + 5*c, 5*u = 2*u + 4*c + 102. Calculate the remainder when u is divided by 32.
2
Let u(j) = -j - 6. Let g be u(-4). Let n(r) = -r**3 + 11*r**2 + 12*r + 8. What is the remainder when (-220)/(-15)*(-3)/g is divided by n(12)?
6
Suppose 0 = 4*k - 5*r - 1017, -r - 3 + 6 = 0. Suppose -4*b = -3*b + 2*x - 12, 116 = 5*b - 4*x. What is the remainder when k is divided by b?
18
Let v(s) = s**2 + 15*s + 55. Calculate the remainder when 84 is divided by v(-14).
2
Let n(z) = -8*z**3 + 16*z**2 + 29*z + 1. Calculate the remainder when n(-2) is divided by 18.
17
Let d(g) = -g**2 - 3*g + 7. Let b be d(-4). Suppose -1 = -b*r + c, 8*c = 5*r + 3*c - 5. Let i(t) = t + 23. Calculate the remainder when 66 is divided by i(r).
20
Let o(r) = r**2 - 27*r + 9. Let v(m) = -m**2 + 28*m - 8. Let h(z) = -4*o(z) - 3*v(z). Calculate the remainder when h(8) is divided by 30.
26
Let k = 82 - 77. Let p be (-498)/(-8)*(-1 - -5). Suppose -4*i - i + k = 0, 4*g - 3*i - p = 0. What is the remainder when g is divided by 22?
19
Let o(d) = 4*d + 28. Calculate the remainder when o(-3) is divided by 6.
4
Suppose 37 = -3*x + 262. Let j = x - 61. Calculate the re